e factors of 35075855?
5, 1699, 4129
List the prime factors of 3843239.
103, 37313
What are the prime factors of 521421?
3, 173807
List the prime factors of 253324.
2, 63331
What are the prime factors of 49190?
2, 5, 4919
List the prime factors of 6403774.
2, 13, 71, 3469
What are the prime factors of 140142?
2, 3, 23357
List the prime factors of 2795213.
23, 121531
List the prime factors of 9754.
2, 4877
List the prime factors of 12396858.
2, 3, 277, 7459
What are the prime factors of 165633?
3, 13, 31, 137
List the prime factors of 10955179.
59, 185681
List the prime factors of 3128235.
3, 5, 11, 18959
List the prime factors of 4123827.
3, 47, 9749
What are the prime factors of 24396201?
3, 903563
What are the prime factors of 1451315?
5, 19, 15277
What are the prime factors of 5910182?
2, 71, 41621
List the prime factors of 5500196.
2, 13, 19, 293
What are the prime factors of 627640?
2, 5, 13, 17, 71
List the prime factors of 4272016.
2, 7, 5449
What are the prime factors of 17497?
17497
List the prime factors of 553696.
2, 11, 13
List the prime factors of 5748775.
5, 227, 1013
List the prime factors of 301042.
2, 7, 21503
What are the prime factors of 284546?
2, 17, 8369
List the prime factors of 1030981.
7, 147283
List the prime factors of 170524.
2, 89, 479
List the prime factors of 400006.
2, 200003
What are the prime factors of 2586255?
3, 5, 7, 24631
What are the prime factors of 10495893?
3, 659, 5309
What are the prime factors of 4854073?
7, 31, 22369
List the prime factors of 663325.
5, 13, 157
List the prime factors of 234959.
234959
List the prime factors of 2261481.
3, 31, 24317
What are the prime factors of 256100?
2, 5, 13, 197
What are the prime factors of 2414017?
17, 8353
List the prime factors of 1476947.
59, 25033
List the prime factors of 303070.
2, 5, 30307
List the prime factors of 1609397.
359, 4483
List the prime factors of 1260579.
3, 420193
List the prime factors of 171018.
2, 3, 3167
What are the prime factors of 2571619?
2571619
List the prime factors of 7731359.
47, 271, 607
List the prime factors of 15526500.
2, 3, 5, 11, 941
What are the prime factors of 11548390?
2, 5, 7, 19, 457
What are the prime factors of 1171485?
3, 5, 7, 3719
What are the prime factors of 15955869?
3, 1907, 2789
List the prime factors of 1063535.
5, 11, 61, 317
List the prime factors of 65892.
2, 3, 17, 19
What are the prime factors of 17901677?
2309, 7753
What are the prime factors of 1920158?
2, 61, 15739
What are the prime factors of 3135714?
2, 3, 233, 2243
What are the prime factors of 5394543?
3, 7, 11, 193
List the prime factors of 89534.
2, 89, 503
What are the prime factors of 6765386?
2, 3382693
What are the prime factors of 344706?
2, 3, 73, 787
What are the prime factors of 1121767?
59, 19013
List the prime factors of 16023.
3, 7, 109
What are the prime factors of 1811127?
3, 569, 1061
List the prime factors of 5690802.
2, 3, 13, 72959
What are the prime factors of 864938?
2, 23, 18803
What are the prime factors of 8874078?
2, 3, 1479013
What are the prime factors of 141463?
7, 2887
List the prime factors of 48613.
173, 281
What are the prime factors of 386025?
3, 5, 5147
What are the prime factors of 137348?
2, 34337
List the prime factors of 723545.
5, 144709
List the prime factors of 2841676.
2, 59, 12041
What are the prime factors of 9402626?
2, 269, 17477
What are the prime factors of 14321663?
23, 127, 4903
List the prime factors of 287744.
2, 281
What are the prime factors of 286083?
3, 7, 19, 239
List the prime factors of 10838246.
2, 19, 223, 1279
What are the prime factors of 166238?
2, 43, 1933
What are the prime factors of 451461?
3, 61, 2467
List the prime factors of 269418.
2, 3, 83, 541
List the prime factors of 105409.
23, 4583
What are the prime factors of 3334172?
2, 23, 36241
What are the prime factors of 1221871?
7, 19, 9187
List the prime factors of 262244.
2, 53, 1237
List the prime factors of 10089161.
47, 214663
List the prime factors of 1883575.
5, 59, 1277
List the prime factors of 108929.
108929
What are the prime factors of 11008522?
2, 7, 139, 5657
What are the prime factors of 247152?
2, 3, 19, 271
List the prime factors of 6427.
6427
List the prime factors of 790103.
233, 3391
What are the prime factors of 57057?
3, 7, 11, 13, 19
What are the prime factors of 33019913?
263, 125551
What are the prime factors of 15639773?
83, 188431
List the prime factors of 17077531.
181, 94351
List the prime factors of 2090460.
2, 3, 5, 34841
List the prime factors of 7143183.
3, 19, 37, 1129
What are the prime factors of 708928?
2, 11, 19, 53
What are the prime factors of 1019801?
1019801
List the prime factors of 7261160.
2, 5, 167, 1087
What are the prime factors of 236761?
7, 149, 227
What are the prime factors of 4454929?
43, 313, 331
List the prime factors of 266775.
3, 5, 3557
What are the prime factors of 555218?
2, 19, 769
What are the prime factors of 3027520?
2, 5, 9461
What are the prime factors of 5575447?
5575447
List the prime factors of 1646926.
2, 17, 59, 821
List the prime factors of 546799.
11, 4519
List the prime factors of 3222212.
2, 7, 115079
What are the prime factors of 317263?
317263
List the prime factors of 11965860.
2, 3, 5, 22159
What are the prime factors of 9102997?
9102997
List the prime factors of 2195638.
2, 1097819
List the prime factors of 20847187.
20847187
What are the prime factors of 4313884?
2, 1078471
What are the prime factors of 1742876?
2, 43, 10133
What are the prime factors of 107032?
2, 17, 787
List the prime factors of 1894233.
3, 11, 61, 941
What are the prime factors of 7156695?
3, 5, 7, 13, 107
What are the prime factors of 4824359?
4824359
List the prime factors of 279416.
2, 53, 659
What are the prime factors of 2003370?
2, 3, 5, 43, 1553
List the prime factors of 269755.
5, 53951
List the prime factors of 2951161.
2951161
List the prime factors of 341141.
341141
List the prime factors of 10454837.
10454837
List the prime factors of 3225358.
2, 1612679
What are the prime factors of 1452341?
11, 19, 6949
List the prime factors of 18295763.
18295763
What are the prime factors of 185631?
3, 43, 1439
What are the prime factors of 2449583?
2449583
List the prime factors of 3490022.
2, 1745011
List the prime factors of 1176256.
2, 18379
List the prime factors of 4537998.
2, 3, 19, 4423
List the prime factors of 9973555.
5, 1994711
What are the prime factors of 809672?
2, 101209
List the prime factors of 3769090.
2, 5, 13, 79, 367
List the prime factors of 204316.
2, 7, 7297
List the prime factors of 5230469.
29, 180361
What are the prime factors of 12130324?
2, 47, 113, 571
What are the prime factors of 208548?
2, 3, 1931
List the prime factors of 10270009.
10270009
List the prime factors of 1595705.
5, 17, 18773
List the prime factors of 12971387.
11, 13, 90709
What are the prime factors of 32823274?
2, 11, 1491967
List the prime factors of 222726.
2, 3, 7, 5303
What are the prime factors of 635383?
7, 12967
What are the prime factors of 1111103?
7, 17, 9337
List the prime factors of 10451705.
5, 11, 190031
What are the prime factors of 445595?
5, 89119
What are the prime factors of 1498135?
5, 103, 2909
What are the prime factors of 2124314?
2, 19, 55903
What are the prime factors of 283486?
2, 7, 20249
List the prime factors of 666946.
2, 7, 47639
List the prime factors of 17879.
19, 941
List the prime factors of 253347.
3, 84449
List the prime factors of 2095877.
7, 42773
What are the prime factors of 1708570?
2, 5, 170857
List the prime factors of 6836314.
2, 19, 179903
What are the prime factors of 16837715?
5, 59, 57077
What are the prime factors of 177799?
29, 6131
What are the prime factors of 181623?
3, 13, 4657
What are the prime factors of 2291279?
181, 12659
List the prime factors of 28147.
7, 4021
What are the prime factors of 89156?
2, 31, 719
What are the prime factors of 473455?
5, 23, 179
List the prime factors of 1679535.
3, 5, 11, 13, 29
List the prime factors of 9523183.
9523183
What are the prime factors of 156491?
156491
What are the prime factors of 620528?
2, 38783
List the prime factors of 275395.
5, 55079
What are the prime factors of 1827983?
1827983
What are the prime factors of 29559180?
2, 3, 5, 7, 70379
List the prime factors